{"id":4,"date":"2016-02-01T14:29:04","date_gmt":"2016-02-01T13:29:04","guid":{"rendered":"http:\/\/encrenoire-corporate.com\/blog\/?page_id=4"},"modified":"2022-01-24T17:42:54","modified_gmt":"2022-01-24T16:42:54","slug":"photographe-corporate","status":"publish","type":"page","link":"https:\/\/encrenoire-corporate.com\/blog\/","title":{"rendered":"Toute la Photographie au service des entreprises"},"content":{"rendered":"<input class=\"jpibfi\" type=\"hidden\" ><p><img loading=\"lazy\" class=\"wp-image-1377 size-full\" title=\"Photographe corporate\" src=\"https:\/\/encrenoire-corporate.com\/blog\/wp-content\/uploads\/2022\/01\/photographe-entreprise-paris-00-1.jpg\" alt=\"photographe entreprise paris\" width=\"1200\" height=\"280\" \/><br \/>\n<strong>Encre Noire Photographe Corporate \u00e0 Paris<\/strong><\/p>\n<p><strong>Portrait Corporate<\/strong> in situ, portraits en studio, reportages relations humaines en entreprise, photos pour rapports annuels, dossiers presse, reportages \u00e9v\u00e9nementiels, photos de profil pour r\u00e9seaux sociaux, meetings, team-buildings, conventions, conf\u00e9rences, colloques&#8230; Toute la <strong>photo pour les entreprises<\/strong>.<\/p>\n","protected":false},"excerpt":{"rendered":"<input class=\"jpibfi\" type=\"hidden\" ><p>Encre Noire Photographe Corporate \u00e0 Paris Portrait Corporate in situ, portraits en studio, reportages relations humaines en entreprise, photos pour rapports annuels, dossiers presse, reportages \u00e9v\u00e9nementiels, photos de profil pour r\u00e9seaux sociaux, meetings, team-buildings, conventions, conf\u00e9rences, colloques&#8230; Toute la photo pour les entreprises.<\/p>\n","protected":false},"author":1,"featured_media":0,"parent":0,"menu_order":2,"comment_status":"closed","ping_status":"closed","template":"","meta":[],"yoast_head":"<!-- This site is optimized with the Yoast SEO plugin v18.0 - https:\/\/yoast.com\/wordpress\/plugins\/seo\/ -->\n<title>Photo corporate Paris | Photographe Entreprise<\/title>\n<meta name=\"description\" content=\"Encre Noire : Photographie professionnelle au service des entreprises. Portraits Corporate, Reportages \u00e9v\u00e9nementiels et\u00a0\" \/>\n<meta name=\"robots\" content=\"index, follow, max-snippet:-1, max-image-preview:large, max-video-preview:-1\" \/>\n<link rel=\"canonical\" href=\"https:\/\/encrenoire-corporate.com\/blog\/\" \/>\n<meta property=\"og:locale\" content=\"fr_FR\" \/>\n<meta property=\"og:type\" content=\"article\" \/>\n<meta property=\"og:title\" content=\"Photo corporate Paris | Photographe Entreprise\" \/>\n<meta property=\"og:description\" content=\"Encre Noire : Photographie professionnelle au service des entreprises. Portraits Corporate, Reportages \u00e9v\u00e9nementiels et\u00a0\" \/>\n<meta property=\"og:url\" content=\"https:\/\/encrenoire-corporate.com\/blog\/\" \/>\n<meta property=\"og:site_name\" content=\"Photographie &amp; Entreprise | Le blog d&#039;Encre Noire Corporate\" \/>\n<meta property=\"article:publisher\" content=\"https:\/\/www.facebook.com\/encrenoirecorpo\" \/>\n<meta property=\"article:modified_time\" content=\"2022-01-24T16:42:54+00:00\" \/>\n<meta property=\"og:image\" content=\"https:\/\/encrenoire-corporate.com\/blog\/wp-content\/uploads\/2022\/01\/photographe-entreprise-paris-00-1.jpg\" \/>\n<meta name=\"twitter:card\" content=\"summary\" \/>\n<meta name=\"twitter:site\" content=\"@photocorpo\" \/>\n<script type=\"application\/ld+json\" class=\"yoast-schema-graph\">{\"@context\":\"https:\/\/schema.org\",\"@graph\":[{\"@type\":\"Organization\",\"@id\":\"https:\/\/encrenoire-corporate.com\/blog\/#organization\",\"name\":\"ENCRE NOIRE\",\"url\":\"https:\/\/encrenoire-corporate.com\/blog\/\",\"sameAs\":[\"https:\/\/www.facebook.com\/encrenoirecorpo\",\"https:\/\/www.instagram.com\/photocorpo\",\"https:\/\/www.linkedin.com\/in\/eric-malemanche\",\"https:\/\/www.youtube.com\/c\/Photographeentreprisepariscorporate\",\"https:\/\/twitter.com\/photocorpo\"],\"logo\":{\"@type\":\"ImageObject\",\"@id\":\"https:\/\/encrenoire-corporate.com\/blog\/#logo\",\"inLanguage\":\"fr-FR\",\"url\":\"https:\/\/encrenoire-corporate.com\/blog\/wp-content\/uploads\/2021\/10\/Signature-EN-CORPO-800.jpg\",\"contentUrl\":\"https:\/\/encrenoire-corporate.com\/blog\/wp-content\/uploads\/2021\/10\/Signature-EN-CORPO-800.jpg\",\"width\":742,\"height\":626,\"caption\":\"ENCRE NOIRE\"},\"image\":{\"@id\":\"https:\/\/encrenoire-corporate.com\/blog\/#logo\"}},{\"@type\":\"WebSite\",\"@id\":\"https:\/\/encrenoire-corporate.com\/blog\/#website\",\"url\":\"https:\/\/encrenoire-corporate.com\/blog\/\",\"name\":\"Photographie &amp; Entreprise | Le blog d&#039;Encre Noire Corporate\",\"description\":\"&quot;La grandeur d&#039;un m\u00e9tier est avant tout d&#039;unir les hommes ; il n&#039;est qu&#039;un luxe v\u00e9ritable et c&#039;est celui des relations humaines.&quot; A. de Saint-Exup\u00e9ry\",\"publisher\":{\"@id\":\"https:\/\/encrenoire-corporate.com\/blog\/#organization\"},\"potentialAction\":[{\"@type\":\"SearchAction\",\"target\":{\"@type\":\"EntryPoint\",\"urlTemplate\":\"https:\/\/encrenoire-corporate.com\/blog\/?s={search_term_string}\"},\"query-input\":\"required name=search_term_string\"}],\"inLanguage\":\"fr-FR\"},{\"@type\":\"ImageObject\",\"@id\":\"https:\/\/encrenoire-corporate.com\/blog\/#primaryimage\",\"inLanguage\":\"fr-FR\",\"url\":\"https:\/\/encrenoire-corporate.com\/blog\/wp-content\/uploads\/2022\/01\/photographe-entreprise-paris-00-1.jpg\",\"contentUrl\":\"https:\/\/encrenoire-corporate.com\/blog\/wp-content\/uploads\/2022\/01\/photographe-entreprise-paris-00-1.jpg\",\"width\":1200,\"height\":280,\"caption\":\"photographe entreprise paris\"},{\"@type\":\"WebPage\",\"@id\":\"https:\/\/encrenoire-corporate.com\/blog\/#webpage\",\"url\":\"https:\/\/encrenoire-corporate.com\/blog\/\",\"name\":\"Photo corporate Paris | Photographe Entreprise\",\"isPartOf\":{\"@id\":\"https:\/\/encrenoire-corporate.com\/blog\/#website\"},\"primaryImageOfPage\":{\"@id\":\"https:\/\/encrenoire-corporate.com\/blog\/#primaryimage\"},\"datePublished\":\"2016-02-01T13:29:04+00:00\",\"dateModified\":\"2022-01-24T16:42:54+00:00\",\"description\":\"Encre Noire : Photographie professionnelle au service des entreprises. Portraits Corporate, Reportages \u00e9v\u00e9nementiels et\u00a0\",\"breadcrumb\":{\"@id\":\"https:\/\/encrenoire-corporate.com\/blog\/#breadcrumb\"},\"inLanguage\":\"fr-FR\",\"potentialAction\":[{\"@type\":\"ReadAction\",\"target\":[\"https:\/\/encrenoire-corporate.com\/blog\/\"]}]},{\"@type\":\"BreadcrumbList\",\"@id\":\"https:\/\/encrenoire-corporate.com\/blog\/#breadcrumb\",\"itemListElement\":[{\"@type\":\"ListItem\",\"position\":1,\"name\":\"Accueil\",\"item\":\"https:\/\/encrenoire-corporate.com\/blog\/\"},{\"@type\":\"ListItem\",\"position\":2,\"name\":\"Toute la Photographie au service des entreprises\"}]}]}<\/script>\n<!-- \/ Yoast SEO plugin. -->","yoast_head_json":{"title":"Photo corporate Paris | Photographe Entreprise","description":"Encre Noire : Photographie professionnelle au service des entreprises. Portraits Corporate, Reportages \u00e9v\u00e9nementiels et\u00a0","robots":{"index":"index","follow":"follow","max-snippet":"max-snippet:-1","max-image-preview":"max-image-preview:large","max-video-preview":"max-video-preview:-1"},"canonical":"https:\/\/encrenoire-corporate.com\/blog\/","og_locale":"fr_FR","og_type":"article","og_title":"Photo corporate Paris | Photographe Entreprise","og_description":"Encre Noire : Photographie professionnelle au service des entreprises. Portraits Corporate, Reportages \u00e9v\u00e9nementiels et\u00a0","og_url":"https:\/\/encrenoire-corporate.com\/blog\/","og_site_name":"Photographie &amp; Entreprise | Le blog d&#039;Encre Noire Corporate","article_publisher":"https:\/\/www.facebook.com\/encrenoirecorpo","article_modified_time":"2022-01-24T16:42:54+00:00","og_image":[{"url":"https:\/\/encrenoire-corporate.com\/blog\/wp-content\/uploads\/2022\/01\/photographe-entreprise-paris-00-1.jpg"}],"twitter_card":"summary","twitter_site":"@photocorpo","schema":{"@context":"https:\/\/schema.org","@graph":[{"@type":"Organization","@id":"https:\/\/encrenoire-corporate.com\/blog\/#organization","name":"ENCRE NOIRE","url":"https:\/\/encrenoire-corporate.com\/blog\/","sameAs":["https:\/\/www.facebook.com\/encrenoirecorpo","https:\/\/www.instagram.com\/photocorpo","https:\/\/www.linkedin.com\/in\/eric-malemanche","https:\/\/www.youtube.com\/c\/Photographeentreprisepariscorporate","https:\/\/twitter.com\/photocorpo"],"logo":{"@type":"ImageObject","@id":"https:\/\/encrenoire-corporate.com\/blog\/#logo","inLanguage":"fr-FR","url":"https:\/\/encrenoire-corporate.com\/blog\/wp-content\/uploads\/2021\/10\/Signature-EN-CORPO-800.jpg","contentUrl":"https:\/\/encrenoire-corporate.com\/blog\/wp-content\/uploads\/2021\/10\/Signature-EN-CORPO-800.jpg","width":742,"height":626,"caption":"ENCRE NOIRE"},"image":{"@id":"https:\/\/encrenoire-corporate.com\/blog\/#logo"}},{"@type":"WebSite","@id":"https:\/\/encrenoire-corporate.com\/blog\/#website","url":"https:\/\/encrenoire-corporate.com\/blog\/","name":"Photographie &amp; Entreprise | Le blog d&#039;Encre Noire Corporate","description":"&quot;La grandeur d&#039;un m\u00e9tier est avant tout d&#039;unir les hommes ; il n&#039;est qu&#039;un luxe v\u00e9ritable et c&#039;est celui des relations humaines.&quot; A. de Saint-Exup\u00e9ry","publisher":{"@id":"https:\/\/encrenoire-corporate.com\/blog\/#organization"},"potentialAction":[{"@type":"SearchAction","target":{"@type":"EntryPoint","urlTemplate":"https:\/\/encrenoire-corporate.com\/blog\/?s={search_term_string}"},"query-input":"required name=search_term_string"}],"inLanguage":"fr-FR"},{"@type":"ImageObject","@id":"https:\/\/encrenoire-corporate.com\/blog\/#primaryimage","inLanguage":"fr-FR","url":"https:\/\/encrenoire-corporate.com\/blog\/wp-content\/uploads\/2022\/01\/photographe-entreprise-paris-00-1.jpg","contentUrl":"https:\/\/encrenoire-corporate.com\/blog\/wp-content\/uploads\/2022\/01\/photographe-entreprise-paris-00-1.jpg","width":1200,"height":280,"caption":"photographe entreprise paris"},{"@type":"WebPage","@id":"https:\/\/encrenoire-corporate.com\/blog\/#webpage","url":"https:\/\/encrenoire-corporate.com\/blog\/","name":"Photo corporate Paris | Photographe Entreprise","isPartOf":{"@id":"https:\/\/encrenoire-corporate.com\/blog\/#website"},"primaryImageOfPage":{"@id":"https:\/\/encrenoire-corporate.com\/blog\/#primaryimage"},"datePublished":"2016-02-01T13:29:04+00:00","dateModified":"2022-01-24T16:42:54+00:00","description":"Encre Noire : Photographie professionnelle au service des entreprises. Portraits Corporate, Reportages \u00e9v\u00e9nementiels et\u00a0","breadcrumb":{"@id":"https:\/\/encrenoire-corporate.com\/blog\/#breadcrumb"},"inLanguage":"fr-FR","potentialAction":[{"@type":"ReadAction","target":["https:\/\/encrenoire-corporate.com\/blog\/"]}]},{"@type":"BreadcrumbList","@id":"https:\/\/encrenoire-corporate.com\/blog\/#breadcrumb","itemListElement":[{"@type":"ListItem","position":1,"name":"Accueil","item":"https:\/\/encrenoire-corporate.com\/blog\/"},{"@type":"ListItem","position":2,"name":"Toute la Photographie au service des entreprises"}]}]}},"_links":{"self":[{"href":"https:\/\/encrenoire-corporate.com\/blog\/wp-json\/wp\/v2\/pages\/4"}],"collection":[{"href":"https:\/\/encrenoire-corporate.com\/blog\/wp-json\/wp\/v2\/pages"}],"about":[{"href":"https:\/\/encrenoire-corporate.com\/blog\/wp-json\/wp\/v2\/types\/page"}],"author":[{"embeddable":true,"href":"https:\/\/encrenoire-corporate.com\/blog\/wp-json\/wp\/v2\/users\/1"}],"replies":[{"embeddable":true,"href":"https:\/\/encrenoire-corporate.com\/blog\/wp-json\/wp\/v2\/comments?post=4"}],"version-history":[{"count":15,"href":"https:\/\/encrenoire-corporate.com\/blog\/wp-json\/wp\/v2\/pages\/4\/revisions"}],"predecessor-version":[{"id":1411,"href":"https:\/\/encrenoire-corporate.com\/blog\/wp-json\/wp\/v2\/pages\/4\/revisions\/1411"}],"wp:attachment":[{"href":"https:\/\/encrenoire-corporate.com\/blog\/wp-json\/wp\/v2\/media?parent=4"}],"curies":[{"name":"wp","href":"https:\/\/api.w.org\/{rel}","templated":true}]}}